90. Give d(-49).
6
Let g(f) = 12686*f - 12696. What is g(1)?
-10
Let y(j) = 1509*j + 48295. Give y(-32).
7
Let t(p) = 61*p**2 + 1066*p + 58. Calculate t(-16).
-1382
Let k(h) = 3*h**3 - 250*h**2 + 125*h - 3505. Give k(83).
-19
Let l(q) = -q**2 + 274*q - 4066. Calculate l(259).
-181
Let r(z) = 2*z**3 - 67*z**2 + 85*z + 458. Determine r(32).
106
Let d(r) = 10*r**2 + 21880*r - 665390. Give d(30).
10
Let v(r) = -19*r**2 + 9*r + 311. Give v(5).
-119
Let w(f) = -f**3 - 42*f**2 + 305*f + 7903. Calculate w(-45).
253
Let a(t) = -68*t**2 + 4086*t - 4086. Give a(1).
-68
Let w(f) = 79*f + 7918. Calculate w(-108).
-614
Let i(x) = -535*x**2 + 3786*x + 3. Calculate i(7).
290
Let k(b) = -2*b**3 + 46*b**2 + 125*b + 5. Determine k(25).
630
Let x(z) = 3*z**2 + 4639*z + 46143. What is x(-10)?
53
Let o(f) = 2*f**3 + 56*f**2 - 481*f + 3430. What is o(-36)?
10
Let h(s) = -4942*s**2 - 301463*s - 55. Determine h(-61).
6
Let y(v) = -2*v - 2365. Determine y(187).
-2739
Let c(r) = -6*r**2 - 402*r + 363. Calculate c(-68).
-45
Let k(b) = -b**3 - 5*b**2 + 704*b - 2059. Determine k(3).
-19
Let o(b) = -37433*b + 187374. What is o(5)?
209
Let h(m) = 3*m**2 + 3244*m - 39316. Determine h(12).
44
Let a(b) = 5254*b**2 + 47289*b + 27. Calculate a(-9).
0
Let f(n) = n**2 - 2*n - 898. Calculate f(41).
701
Let b(c) = 24868*c + 3531253. Give b(-142).
-3
Let r(w) = w**3 - 8482*w**2 + 67788*w + 28. Determine r(8).
-4
Let w(h) = -h**3 + 434*h**2 - 9057*h - 146. Determine w(22).
8
Let x(r) = -221*r - 650. Give x(-3).
13
Let x(m) = 190*m**2 + 13824*m - 3366. What is x(-73)?
-8
Let l(f) = 112300*f - 112327. Give l(1).
-27
Let n(y) = -y**3 + 758*y**2 - 6654*y - 65174. Give n(749).
-11
Let g(y) = 48*y - 1035. Determine g(25).
165
Let p(j) = 238*j**2 - 938*j - 54. What is p(4)?
2
Let r(l) = 3069397*l - 24555163. What is r(8)?
13
Let h(m) = 54235*m + 1030473. Determine h(-19).
8
Let z(d) = 39*d**2 - 487*d + 2455. Calculate z(5).
995
Let q(m) = -130*m + 3620. Calculate q(18).
1280
Let k(w) = w**2 + 558*w - 12942. Calculate k(24).
1026
Let c(v) = -59*v**3 + 8*v**2 + 9*v - 5. Determine c(-3).
1633
Let x(f) = -77264*f + 1467966. Give x(19).
-50
Let o(k) = 1321*k**2 - 6624*k + 99. What is o(5)?
4
Let n(s) = -795*s**2 + 11078*s + 668. Determine n(14).
-60
Let o(y) = 2*y**2 + 369*y + 5125. Calculate o(-170).
195
Let z(r) = -32*r**2 + 32097*r - 1010. Calculate z(1003).
-7
Let q(p) = -7*p**2 + 922*p - 9046. Calculate q(121).
29
Let m(t) = 3*t**3 + 446*t**2 - 1990*t - 343. What is m(-153)?
-190
Let c(r) = 60*r**2 - 19303*r - 5459. What is c(322)?
15
Let q(n) = -718*n**2 - 7088*n + 31. Calculate q(-10).
-889
Let b(j) = -861*j - 5413. Calculate b(-8).
1475
Let o(n) = -4*n**2 + 675*n + 266599. Determine o(356).
-45
Let z(p) = 9*p**2 - 1287*p + 239. Calculate z(143).
239
Let p(q) = -q**2 - 213*q + 1493. What is p(7)?
-47
Let s(c) = -46*c**2 - 283*c - 3098. What is s(-12)?
-6326
Let f(p) = p**3 + 109*p**2 - 2110*p + 3930. What is f(-126)?
-102
Let h(g) = 2*g**3 - 13*g**2 + 3682*g - 22053. Calculate h(6).
3
Let u(b) = -b**3 - 39*b**2 + 12708*b + 449675. Calculate u(-35).
-5
Let l(i) = -i**3 + 33*i**2 + 69*i - 209. Determine l(35).
-244
Let s(l) = -15876*l + 142895. Give s(9).
11
Let s(o) = -6581*o + 38789. Determine s(6).
-697
Let y(l) = l**3 + 187*l**2 + 377*l + 1240. Give y(-185).
-55
Let k(x) = -49293*x - 18090541. Calculate k(-367).
-10
Let w(i) = -i**3 - 49*i**2 + 459*i + 82. What is w(-57)?
-89
Let u(x) = 10*x**2 + 586*x + 430. What is u(-59)?
666
Let d(b) = -598*b - 4234. What is d(-6)?
-646
Let w(y) = -y**3 + 779*y**2 - 12197*y - 182. Give w(16).
-6
Let q(g) = -6*g**2 + 416*g - 4866. Give q(43).
1928
Let p(o) = 9*o**3 - 11*o**2 - 80*o + 64. Give p(4).
144
Let h(f) = -f**3 + 390*f**2 - 1896*f - 11159. What is h(385)?
6
Let l(n) = -n**2 - 80*n - 125. What is l(-56)?
1219
Let u(k) = -32429*k - 1167436. Determine u(-36).
8
Let h(d) = -6504*d + 279663. Determine h(43).
-9
Let f(v) = 21*v**2 + 172*v + 312. Determine f(-4).
-40
Let u(a) = 40*a**3 + 31*a**2 - 50*a + 4. What is u(2)?
348
Let w(z) = -54488*z + 68600396. Calculate w(1259).
4
Let l(z) = 1421*z - 615. Calculate l(0).
-615
Let o(f) = 35*f**2 - 504*f - 4131. Give o(-8).
2141
Let s(t) = 16*t**2 + 105*t - 269. Give s(2).
5
Let j(i) = -i**2 + 116354*i + 698166. Determine j(-6).
6
Let u(q) = -32094*q - 1668882. Give u(-52).
6
Let t(x) = 8*x**3 - 2*x**2 - 20*x + 26. Give t(4).
426
Let v(s) = 27*s**3 + 13*s**2 - 65*s + 38. Determine v(3).
689
Let l(a) = 92*a - 2007. Calculate l(17).
-443
Let x(c) = 22*c**2 - 610*c + 433. Give x(27).
1
Let p(y) = -11*y**2 - 76*y + 1816. What is p(-19)?
-711
Let n(a) = 6*a**3 - 351*a**2 + 838*a + 346. Give n(56).
234
Let g(c) = -c**3 + 46*c**2 - 683*c + 31002. Determine g(46).
-416
Let m(b) = 301*b**2 + 33713*b + 189. Give m(-112).
77
Let l(d) = 8890*d**2 - 53342*d + 93. Calculate l(6).
81
Let b(l) = 3904*l - 175670. Give b(45).
10
Let l(n) = -37670*n - 489727. Determine l(-13).
-17
Let t(g) = 2402*g + 135534. What is t(-56)?
1022
Let d(r) = -2*r**2 + 820*r + 6693. Determine d(-8).
5
Let k(z) = -1301081*z + 26021619. Determine k(20).
-1
Let y(f) = -2*f**2 - 708*f - 23244. Give y(-35).
-914
Let y(p) = -1327*p + 17221. Calculate y(13).
-30
Let i(u) = -u**3 + 60*u**2 - 592*u + 23961. Give i(57).
-36
Let m(r) = r**3 + 337*r**2 + 726*r + 18753. What is m(-335)?
-7
Let n(f) = -1844*f - 195078. Give n(-106).
386
Let x(b) = -2*b**3 - 75*b**2 + 19*b - 713. Determine x(-38).
9
Let g(u) = -u**3 - 33*u**2 + 301*u + 8096. Give g(-22).
-3850
Let p(l) = -9763*l - 244061. Calculate p(-25).
14
Let x(l) = -198*l - 2270. Determine x(-8).
-686
Let k(f) = 37*f**3 - 668*f**2 + 87*f - 1084. Determine k(18).
-166
Let l(o) = -29088*o - 1512590. What is l(-52)?
-14
Let d(y) = -y**2 + 101*y + 20058. What is d(201)?
-42
Let i(d) = -8*d**2 + 8*d + 498. Calculate i(18).
-1950
Let y(z) = -2*z**3 + 72*z**2 + 68*z + 105. Determine y(37).
-117
Let o(w) = -22*w**2 + 244*w + 252. Determine o(12).
12
Let k(t) = 1395162*t + 12556462. Give k(-9).
4
Let n(c) = 3*c**2 + 95*c + 768. Give n(-11).
86
Let s(o) = 3658*o + 417009. Determine s(-114).
-3
Let b(l) = -149*l**2 + 1939*l - 1774. Determine b(1).
16
Let m(c) = c**3 + 18*c**2 - 11*c - 9. Calculate m(-18).
189
Let m(n) = -2*n**3 - 9*n**2 + 9178*n + 72971. Give m(-8).
-5
Let i(d) = -2*d**2 + 1332*d + 30254. Calculate i(-22).
-18
Let q(o) = -15458*o + 77249. Give q(5).
-41
Let d(v) = 16*v**2 - 434*v + 2658. What is d(9)?
48
Let n(s) = -2305*s - 35887. Give n(-15).
-1312
Let a(x) = -38436*x**2 + 2152416*x - 2. Calculate a(56).
-2
Let u(y) = 32638*y + 358982. Calculate u(-11).
-36
Let p(v) = 2*v**3 + 10*v**2 + 3250*v + 19492. Calculate p(-6).
-80
Let c(q) = -159*q**2 + 234*q + 21. Give c(-2).
-1083
Let r(l) = -5*l**2 + 1623*l + 12288. Calculate r(332).
4
Let f(b) = -b**3 + 49*b**2 + 455*b - 12888. What is f(53)?
-9
Let w(f) = -66*f**3 + 35638*f**2 + 1080*f + 184. Give w(540).
184
Let h(o) = -13*o**2 + 178*o + 153. What is h(14)?
97
Let i(q) = 94*q**3 + q**2 - 878*q - 2634. Calculate i(-3).
-2529
Let b(j) = -2*j**2 - 7780*j + 417968. Calculate b(53).
10
Let t(i) = i**3 - 163*i**2 + 175*i - 1282. Calculate t(162).
824
Let j(m) = 3*m**3 - 115*m**2 - 38*m + 154. What is j(37)?
-6728
Let u(v) = -2*v**2 - 6626*v - 229461. Give u(-35).
-1
Let p(l) = 174*l**3 - 4*l**2 + 222*l - 432. Calculate p(2).
1388
Let r(j) = -206*j**2 - 2822*j - 27. What is r(-13)?
1845
Let a(g) = -g**3 - 13*g**2 + 319*g + 109. Give a(13).
-138
Let n(i) = 58*i**2 - 10242*i + 5952. Give n(176).
-32
Let c(s) = -s**3 - 127*s**2 - 211*s + 4920. What is c(-125)?
45
Let t(k) = 273*k**2 + 362*k - 8. Determine t(-3).
1363
Let z(y) = -13*y**2 - 62*y - 130. Calculate z(-3).
-61
Let v(k) = -1326*k + 79548. What is v(60)?
-12
Let n(t) = -t**3 - 45*t**2 + 204*t - 90. What is n(-49)?
-482
Let k(r) = 2*r**3 + 31*r**2 - 88*r - 305. Give k(-15).
1240
Let c(w) = -96116*w - 288327. Give c(-3).
21
Let j(p) = -487*p**2 - 31209*p - 2617. Calculate j(-64).
7
Let g(y) = -18*y**2 + 380*y + 4970. Calculate g(-13).
-3012
Let y(d) = -13762*d - 82645. Give y(-6).
-73
Let a(d) = d**3 + 13*d**2 - 355*d - 4796. Determine a(-14).
-22
Let d(f) = -146*f**2 + 24657*f + 24658. Determine d(-1).
-145
Let t(l) = l**2 + 658*l + 72512. Determine t(-140).
-8
Let t(y) = 2*y**3 + y**2 - 15*y + 1